remainder when 39811 is divided by 388.
235
Calculate the remainder when 944238 is divided by 12100.
438
What is the remainder when 8200439 is divided by 81?
80
What is the remainder when 2996766 is divided by 14?
10
What is the remainder when 3693993 is divided by 100?
93
Calculate the remainder when 2254803 is divided by 241.
7
Calculate the remainder when 256210757 is divided by 3020.
3017
What is the remainder when 4310038 is divided by 248?
46
Calculate the remainder when 21627652 is divided by 6001.
48
What is the remainder when 4426590 is divided by 5561?
34
What is the remainder when 49451 is divided by 12301?
247
Calculate the remainder when 28644107 is divided by 14321872.
363
What is the remainder when 1105817 is divided by 2?
1
What is the remainder when 125266 is divided by 1898?
1896
What is the remainder when 12798001 is divided by 1821?
13
Calculate the remainder when 16967018 is divided by 43.
35
What is the remainder when 1358268 is divided by 3701?
1
Calculate the remainder when 5374660 is divided by 804.
724
What is the remainder when 44632554 is divided by 174?
162
Calculate the remainder when 7351209 is divided by 125.
84
What is the remainder when 285281 is divided by 71314?
25
Calculate the remainder when 1090212 is divided by 155724.
144
What is the remainder when 3583512 is divided by 3583505?
7
What is the remainder when 641464668 is divided by 1348?
1344
What is the remainder when 569217 is divided by 142296?
33
What is the remainder when 5724299 is divided by 300?
299
Calculate the remainder when 1240837 is divided by 84.
73
Calculate the remainder when 1662949 is divided by 4506.
235
Calculate the remainder when 17993 is divided by 1179.
308
Calculate the remainder when 2798064 is divided by 726.
60
What is the remainder when 364704 is divided by 36430?
404
Calculate the remainder when 1401733 is divided by 467233.
34
Calculate the remainder when 53193 is divided by 560.
553
Calculate the remainder when 56633 is divided by 23957.
8719
What is the remainder when 263198 is divided by 6113?
339
What is the remainder when 9902354 is divided by 159?
152
Calculate the remainder when 6172648 is divided by 81219.
4
Calculate the remainder when 3819969 is divided by 1273079.
732
Calculate the remainder when 32220026 is divided by 30339.
8
What is the remainder when 10349283 is divided by 201?
195
Calculate the remainder when 6427171 is divided by 168.
163
Calculate the remainder when 40118 is divided by 252.
50
What is the remainder when 890081 is divided by 59337?
26
What is the remainder when 8949 is divided by 1381?
663
What is the remainder when 57268693 is divided by 7?
6
Calculate the remainder when 70626 is divided by 53.
30
Calculate the remainder when 7026914 is divided by 46.
0
What is the remainder when 164391 is divided by 1897?
1249
Calculate the remainder when 5001174 is divided by 10248.
150
What is the remainder when 42763 is divided by 3911?
3653
What is the remainder when 4263778 is divided by 463?
11
Calculate the remainder when 3096742 is divided by 3437.
5
What is the remainder when 884153 is divided by 884117?
36
Calculate the remainder when 29124 is divided by 1259.
167
Calculate the remainder when 315672 is divided by 157826.
20
What is the remainder when 1771784 is divided by 161065?
69
What is the remainder when 846446 is divided by 422700?
1046
What is the remainder when 55034909 is divided by 213?
182
Calculate the remainder when 1671153 is divided by 9336.
9
What is the remainder when 204739 is divided by 626?
37
Calculate the remainder when 49556842 is divided by 7.
6
Calculate the remainder when 80641 is divided by 390.
301
What is the remainder when 1077697 is divided by 358315?
2752
What is the remainder when 646238 is divided by 3092?
10
Calculate the remainder when 2727632 is divided by 2981.
17
Calculate the remainder when 498766 is divided by 55409.
85
Calculate the remainder when 160780013 is divided by 1560971.
0
What is the remainder when 181456 is divided by 90714?
28
What is the remainder when 219877 is divided by 1419?
1351
Calculate the remainder when 229968 is divided by 28680.
528
What is the remainder when 807193934 is divided by 12158?
12156
What is the remainder when 1688025 is divided by 562544?
393
What is the remainder when 13183190 is divided by 201?
2
What is the remainder when 73092 is divided by 18260?
52
Calculate the remainder when 3113493 is divided by 483.
75
Calculate the remainder when 15581125 is divided by 158.
113
Calculate the remainder when 165273 is divided by 55081.
30
What is the remainder when 29350 is divided by 599?
598
What is the remainder when 9767754 is divided by 79?
36
Calculate the remainder when 424406 is divided by 19286.
114
Calculate the remainder when 480676 is divided by 245.
231
What is the remainder when 68372 is divided by 29041?
10290
Calculate the remainder when 100729 is divided by 97562.
3167
What is the remainder when 2890275 is divided by 2890252?
23
Calculate the remainder when 56552 is divided by 2975.
27
Calculate the remainder when 1352195 is divided by 4.
3
Calculate the remainder when 311235 is divided by 39.
15
Calculate the remainder when 6315781 is divided by 52631.
61
Calculate the remainder when 98021438 is divided by 141038.
28
Calculate the remainder when 59812794 is divided by 27.
18
What is the remainder when 1121359 is divided by 19?
17
Calculate the remainder when 80231 is divided by 1171.
603
What is the remainder when 24123 is divided by 3417?
204
What is the remainder when 20314847 is divided by 96?
95
Calculate the remainder when 5152665 is divided by 270.
255
Calculate the remainder when 7160442 is divided by 622.
600
Calculate the remainder when 31317366 is divided by 45191.
3
Calculate the remainder when 14177609 is divided by 122.
111
Calculate the remainder when 25134 is divided by 4891.
679
Calculate the remainder when 401104354 is divided by 34.
30
What is the remainder when 25690398 is divided by 659?
601
Calculate the remainder when 8974835 is divided by 28.
23
What is the remainder when 444250 is divided by 222023?
204
What is the remainder when 69838 is divided by 985?
888
What is the remainder when 61265 is divided by 81?
29
What is the remainder when 106085 is divided by 52065?
1955
Calculate the remainder when 124578 is divided by 4511.
2781
What is the remainder when 3450261 is divided by 53?
14
What is the remainder when 269419563 is divided by 788?
787
What is the remainder when 390404 is divided by 1393?
364
Calculate the remainder when 153621 is divided by 3198.
117
Calculate the remainder when 502311 is divided by 2630.
2611
What is the remainder when 4117037 is divided by 2120?
2117
What is the remainder when 346 is divided by 54?
22
What is the remainder when 2396809 is divided by 114132?
37
Calculate the remainder when 5954524 is divided by 1086.
1072
Calculate the remainder when 9172 is divided by 978.
370
What is the remainder when 203403 is divided by 3983?
270
What is the remainder when 229067062 is divided by 18?
16
What is the remainder when 71680 is divided by 11934?
76
Calculate the remainder when 873624 is divided by 145581.
138
What is the remainder when 192096 is divided by 63833?
597
What is the remainder when 4664168 is divided by 1166040?
8
Calculate the remainder when 91075 is divided by 542.
19
What is the remainder when 633737338 is divided by 1395?
1393
Calculate the remainder when 1246313 is divided by 5665.
13
Calculate the remainder when 2061379 is divided by 463.
103
Calculate the remainder when 429197 is divided by 1682.
287
What is the remainder when 1328725 is divided by 7105?
90
What is the remainder when 4824089 is divided by 37108?
49
Calculate the remainder when 6078383 is divided by 102.
101
Calculate the remainder when 187363 is divided by 3063.
520
What is the remainder when 87810902 is divided by 1688671?
10
Calculate the remainder when 566971 is divided by 182.
41
What is the remainder when 228784030 is divided by 14?
6
Calculate the remainder when 12364321 is divided by 128795.
1
Calculate the remainder when 10582398 is divided by 16.
14
Calculate the remainder when 4644 is divided by 2143.
358
What is the remainder when 58037 is divided by 27517?